
Evaluate 2 + -8 + 2 - -4.
0
3 - (-8 - -11) - 1
-1
(-4 - (11 + -14)) + (-3 - -1)
-3
Evaluate -2 - (5 + -4 - (2 + 0)).
-1
Calculate 2 + 2 - (-6 - -7).
3
-1 - -1 - (19 - 16)
-3
What is the value of 9 + -8 - (2 + 1 + -6)?
4
Evaluate -3 + -7 + (17 - 2).
5
What is the value of -5 + (0 - (-5 + 1))?
-1
What is the value of (-2 - 1 - -2) + -3?
-4
Evaluate 0 + 2 - 0 - 2 - -4.
4
Calculate 4 + -7 + 5 - (2 + 0).
0
What is -6 - 0 - ((-1 - -1) + -3)?
-3
What is (13 - (4 + 1)) + -3?
5
What is the value of -4 + (-2 - -2) - -4?
0
Calculate -11 - ((6 - 10) + -2).
-5
16 + (3 - (7 + 2 + -1))
11
What is the value of -108 + 104 - (-9 - -1)?
4
Evaluate (6 - -1) + -51 + 41.
-3
What is the value of (-2 - 1) + 2 + 0 + -3?
-4
What is the value of -5 + (-4 - -7) - (0 - 6)?
4
Evaluate -3 + (1 - (7 + -5)).
-4
What is the value of 9 + (0 - (9 + -5)) - 7?
-2
Evaluate 2 + -6 + 1 + 6.
3
What is the value of 5 + 2 + (-3 + -2 - -3)?
5
What is -8 - (6 - 3) - -5?
-6
-2 - 0 - (-5 - -3 - -4)
-4
Calculate 4 - (-2 - -2 - (-6 + -2)).
-4
What is the value of (-2 - -10) + -5 + -10?
-7
Calculate 2 + 9 + -3 + -14.
-6
Calculate 1 - (1 - (-3 - (-7 + -1))).
5
Calculate (-1 - -1) + 5 + 2 + -6.
1
Calculate 4 + 1 + (-2 - -4) + -2.
5
What is the value of 1 - (4 + (5 - 1) + -2)?
-5
What is the value of 10 - 4 - (8 - 1) - 7?
-8
What is (4 + 5 - 3) + (-9 - -2)?
-1
What is 8 + (10 - 30) - -13?
1
Calculate 14 + -16 + 6 + 1.
5
Calculate 3 + (4 - 12) - (-2 + -1).
-2
Evaluate 0 - (3 + -6 + -2).
5
Calculate 8 - -1 - (-20 + 36).
-7
What is the value of -9 - (7 + -5 - 3)?
-8
Evaluate 1 + 0 - (-9 + 7).
3
Evaluate 0 - -2 - (-31 - -38).
-5
Evaluate -4 - -12 - 8 - (-5 + 1).
4
What is 3 + 2 + -1 + 7 + -6?
5
What is -16 - -16 - (2 + 2)?
-4
Evaluate 1 - ((-3 - 3) + 6).
1
What is the value of 5 + -1 - (-4 - (-7 - 0))?
1
What is -2 - -10 - 1 - (-14 + 16)?
5
Evaluate 2 - 1 - (-8 - 9 - -10).
8
Calculate -5 - (3 + -7 + -2).
1
What is the value of -3 - (5 + -3 - (2 + 5))?
2
What is the value of -4 - (6 + -8 + (1 - 1))?
-2
Calculate 3 + -7 + 6 + -2.
0
What is the value of -4 - (-8 - (-6 - -8))?
6
Calculate (-5 - -3 - (1 + -7)) + -8.
-4
What is -2 - -1 - 1 - (-51 + 53)?
-4
(1 + 1 - (-14 - -10)) + 0
6
(-7 - -10) + 4 - 4
3
Calculate (2 - 0) + (-2 - (0 + 1)).
-1
What is the value of 4 - ((1 - 6) + 4)?
5
Calculate 0 + (6 + -20 - -8).
-6
What is the value of 7 - (11 - 0) - 5?
-9
What is the value of -5 + (1 - (1 - -2 - 2))?
-5
Calculate 3 + (-5 - 1 - (0 + -6)).
3
What is the value of 0 + 0 + -38 + 35?
-3
(21 - 35) + (-2 - -13)
-3
Evaluate (3 - -1 - (-6 + 8)) + -7.
-5
What is the value of 2 + 5 + -2 + -4?
1
Evaluate -9 + 23 + -13 + 1.
2
What is (1 + -2 - 2) + 15 + -21?
-9
Evaluate 4 - 2 - (-4 - -1).
5
What is -2 - (0 + (0 - 5))?
3
Evaluate -3 + (3 - (3 - 0) - -5).
2
Evaluate (-2 - -3) + -1 + -5 + 5.
0
What is the value of 7 + 0 - (24 - 28)?
11
Calculate 4 + (3 - (18 - 9)).
-2
What is the value of -1 + 1 + (-11 - -4) - -11?
4
What is the value of (2 - 1) + (8 - (12 + -10))?
7
What is 0 + 5 - (-10 - -11)?
4
What is the value of (3 - -1) + (22 - 13) + -15?
-2
What is the value of 0 + 5 + -3 - (-7 + 5)?
4
-1 + (10 - 4) + -3 + -1
1
-12 + 13 - (-2 + -1 + 2)
2
0 - (-3 + -1) - 3
1
Evaluate -12 - (-8 - -4) - 0.
-8
Evaluate -74 + 74 - (2 - 0).
-2
5 + (-5 + -9 - -3)
-6
What is (1 + 0 - (-18 + 16)) + -4?
-1
Calculate (-2 - (4 + 1 + -5)) + 1.
-1
Calculate (11 - 16) + 2 + 0 - 4.
-7
What is -4 - (1 - (0 - (3 - 3)))?
-5
What is 2 + -1 + 2 + 2 + -1?
4
0 + -3 + (3 - 1)
-1
What is 5 - (-2 + 7 + -1) - -5?
6
What is 6 + -4 + -5 + (6 - -3)?
6
What is the value of 5 - 7 - 1 - -5?
2
Calculate 0 + (-2 - -2) - -7.
7
What is the value of 9 - (5 + (-10 - -6))?
8
4 + (-10 - (3 + -6))
-3
Calculate 4 + (-8 - (-5 + (7 - 7))).
1
Calculate 10 - ((0 - -5) + -3).
8
What is (3 - (-1 + -3)) + -10?
-3
What is 6 + -1 + -3 + (-5 - -5)?
2
What is the value of -4 + (-6 - (7 - 22))?
5
Calculate -3 - (-1 + -13 - (-17 - -12)).
6
Calculate -6 + 15 + -11 - (-1 - 4).
3
-9 - ((-12 - -1) + -4)
6
(-10 - 1) + 14 + 5
8
What is the value of -7 + -6 + (7 - -3)?
-3
Evaluate -12 + 11 + (-2 - -3) + 1.
1
Evaluate -4 - -1 - (-2 - 1) - 3.
-3
Evaluate 8 + -10 - (-6 + 3).
1
Calculate 3 + -2 + 0 + 1 + -1.
1
What is the value of -9 + 10 + -2 + -1?
-2
What is -1 + -1 - (-4 + -2 + 5)?
-1
Evaluate -5 + 7 - (-2 - -4) - -3.
3
What is the value of 2 - 9 - (4 + -8)?
-3
Calculate -3 + -1 - -2 - (-10 + 7).
1
9 + -5 - (-15 - -10)
9
What is the value of -10 + 1 + 3 + (3 - -5)?
2
Calculate -2 - -4 - 0 - (-1 + 1).
2
(14 - 1) + -26 + 14
1
Calculate (4 + (-4 - 2) - -3) + -2.
-1
What is 1 - (-4 + (3 - 3)) - 3?
2
What is the value of 2 - (7 - 14) - 3?
6
What is the value of -3 + (7 + -8 - (-1 + 0))?
-3
Calculate 3 + 1 - (17 - 12 - -6).
-7
What is the value of -6 + 6 + (0 - 1) - 0?
-1
Evaluate 3 + 0 - (3 - (1 + -3)).
-2
Evaluate 2 + (-3 - (-3 + 2)).
0
Evaluate -6 + -4 + 3 + 2.
-5
-1 + -1 + 3 + -4 + 0
-3
What is (4 - 1) + (-19 - -9)?
-7
Calculate 2 + 0 + 1 + 0.
3
(2 - (2 - -7)) + 0 + 3
-4
Calculate (-7 - (-3 - -4 - 4)) + 9.
5
What is the value of 8 + (-4 - -7 - 8)?
3
What is 5 + 1 - 2 - 6?
-2
-9 - -5 - (2 + 0 + -1)
-5
What is (-7 - -1) + -8 + 9 + 1?
-4
What is the value of -6 - (-4 + (-9 - (-3 + 0)))?
4
Evaluate -1 + 10 + -1 + -3 + -1.
4
Evaluate -5 - (1 - 3) - (0 - 0).
-3
2 + -4 + 10 + -3
5
What is the value of 1 + -5 - (-3 - 4)?
3
Evaluate (3 - (4 + 12)) + 16.
3
Evaluate 0 - (1 - (-2 + 1)).
-2
What is the value of 9 + -13 + -1 + 0?
-5
3 + (3 - -1) + -4
3
What is the value of (-8 - -4 - -3 - -3) + -4?
-2
What is the value of (0 - -2 - -1) + -30 + 32?
5
-6 + 10 + (3 - 6)
1
1 + 2 - (7 + -7)
3
Evaluate -1 + -2 + (-1 - -12 - 3).
5
Evaluate 6 + 3 - (-1 - -6).
4
Calculate -4 + 3 - (8 - 2 - 10).
3
Calculate (-6 - 1) + (8 - 10).
-9
What is 9 + (62 - 70 - (1 + -10))?
10
Evaluate 1 - (0 - 2 - (-3 - -6)).
6
4 + 0 - (12 + (-21 - -8))
5
Evaluate 18 + -21 - (2 + (-2 - -1)).
-4
What is (3 - 1) + -6 - (0 - 3)?
-1
What is the value of -13 + (11 - 4) + 14?
8
What is the value of 2 + ((0 - -3) + 1 - 3)?
3
Evaluate 8 - (0 + 2 - (-3 + 2)).
5
Evaluate (3 - 5) + (-2 - (3 + -5)).
-2
Calculate 3 + -24 + -14 + 27.
-8
What is 0 - 6 - (6 + -16)?
4
What is (-9 - 1) + -9 + -8 + 20?
-7
Evaluate -4 - (5 + -5) - -2.
-2
What is the value of 0 + (-4 - 0) + (2 - -3)?
1
What is 3 + (7 - 11) - (1 + 1)?
-3
What is -2 - -1 - (-3 + 2)?
0
Evaluate 7 - (-1 + 12) - -8.
4
What is (-9 - -3) + (1 - (-3 + 2))?
-4
What is 11 + -8 - ((-3 - -3) + -3)?
6
Calculate -4 + -1 - (4 + -5).
-4
Evaluate 1 + (1 - 3) - (-49 - -45).
3
What is the value of 0 + -4 + (-3 - (-9 - -1))?
1
What is 11 - 28 - (-5 + -4)?
-8
-1 + -10 + 5 + 12
6
-3 + (7 - 14) + 4
-6
0 + 14 + -16 - (-6 + 2)
2
Calculate 2 + (1 + 5 - (0 + 3)).
5
2 - (4 - 0) - (2 + -4)
0
-9 - -5 - -4 - -2
2
What is -4 + 10 + (-8 - -6)?
4
What is -4 + 12 + -1 + -6 - -5?
6
What is 5 - (9 - 5 - (1 + 3))?
5
Evaluate 35 + -22 - (8 - -1).
4
What is the value of -20 + 3 + (8 - -2)?
-7
What is 1 + 2 + (-11 - -12)?
4
What is the value of 0 + (3 - (-1 - -1)) + 1?
4
Evaluate -4 + -1 + (66 - 59).
2
What is -2 + (35 + -29 - (1 - -3))?
0
Calculate -1 + 1 - (-6 + (-7 - -17)).
-4
What is -5 - (-9 + 2 + 3)?
-1
What is 7 - (17 - 2) - -3?
-5
Calculate 19 - 1 - (-35 + 45).
8
Calculate -4 + (1 - 4 - -3).
-4
Evaluate -7 + 11 + (-8 - (-2 + -1)).
-1
What is 2 - ((-4 - -1 - -5) + 3)?
-3
-5 + 5 - (1 - -1)
-2
20 - 12 - -11 - 12
7
What is -1 - 2 - (-9 + (-6 - -17))?
-5
Evaluate 8 + 0 + -3 + (-14 - -13).
4
Evaluate 4 - (-3 - (-9 + 0)).
-2
-2 + 10 + -2 + -9
-3
Evaluate 1 + -3 - (-5 - -1).
2
Evaluate -5 - -3 - (-7 - -1).
4
(3 - 0) + -8 + 1
-4
Evaluate -1 + (0 + -3 - -7 - -1).
4
What is -4 - -9 - (1 + 1)?
3
3 - (4 + -4) - 2
1
(58 - 56) + (-1 - 2)
-1
What is -3 + (-2 - 7) + 12?
0
What is 2 - (-18 - -12) - (1 - -2)?
5
What is 21 + -24 - (-9 + 1 + 2)?
3
What is -24 + 25 + (2 + 0 - 9)?
-6
1 + (-6 + 4 - -2)
1
-1 - (-1 + -4 + 9)
-5
What is the value of -1 + 2 + 0 + -2?
-1
What is (5 - (1 + 2)) + -3?
-1
What is the value of 3 + (-3 - (-6 + 8)) + -5?
-7
Evaluate 23 + -27 + (5 - 0 - -1).
2
-8 - ((0 - -2) + -6)
-4
Calculate -2 - (-1 - (6 - 4)).
1
Evaluate -6 - (4 + -3 - 3 - 2).
-2
Calculate 1 + -16 - (-12 - (4 - 10)).
-9
-14 + 3 + 8 + 5
2
What is -8 + 6 + -6 + (-4 - -4)?
-8
What is (-72 - -68) + (-2 - (-8 + -2))?
4
What is -2 - ((42 - 45) + (1 - 1))?
1
Wha